 + -23. Let m be c(x). Calculate q(m).
1
Suppose 4*c = -z - 26, -2*z + 17 + 22 = -5*c. Let b(k) = -3*k - 22. Let t(y) = -y - 7. Let n(h) = 3*b(h) - 8*t(h). Determine n(c).
-3
Let j = -1735/4 - -434. Let h(k) be the first derivative of -12 - 2/3*k**3 - j*k**4 - 4*k + 2*k**2. Determine h(-4).
12
Let a(i) = -i**2 + 10*i. Suppose -19 + 11 = -o. What is a(o)?
16
Suppose u - 6*u + 10 = 0. Let v(f) = -9*f - f**u + 0*f + 14*f. Determine v(4).
4
Suppose -3*h = -4*u - 45, 14*h = 11*h + 9. Let c(f) = -f**2 - 3*f - 4. Determine c(u).
-58
Let l(i) = 1 - 13*i - 4*i**3 + 13*i - 2 + i**2. Let m be l(-1). Let h(p) = -p**2 - 5 - p**3 + 3*p - 1 + m. Determine h(-3).
7
Let v(f) = 9*f**2 - 2*f**2 - 6*f**2. Let p be ((-16)/40)/(4/30). Calculate v(p).
9
Let l(o) = o - 8. Let r be (-4)/7 - 327/(-21). Suppose 3*h + 3 = 0, -5*x - 12 = -3*h + r. Calculate l(x).
-14
Let b(d) = -11*d. Let w be (0 + -1)/(5/(-20)). Suppose 0 = 2*v - w*c - 14, 7*v = 6*v - 2*c - 5. What is b(v)?
-11
Let m(l) = l**2 + 11*l - 4. Let c(z) = z**2 + 12*z - 36. Let k be c(-14). Calculate m(k).
-28
Let w be (-36)/(-17) + 2/68*-4. Let n(c) = 4*c - c + 1 + 1. Determine n(w).
8
Let j(a) = 18*a**3 - 4 + 8*a**3 - 980*a + 978*a + 3. Calculate j(-1).
-25
Let w(x) be the second derivative of x**4/24 + 19*x**3/6 + 35*x**2/2 - 32*x. Let l(v) be the first derivative of w(v). What is l(0)?
19
Let l(o) = -5*o. Let x(w) = 27*w - 5. Let r(k) = 10*l(k) + 2*x(k). Calculate r(8).
22
Let d(x) be the third derivative of x**4/24 - x**3/6 - 222*x**2. Calculate d(5).
4
Let o(f) = -f**3 - 8*f**2 + 3*f + 18. Let w(t) = -t - 14. Let y be w(-6). Let k be o(y). Let a(u) = u**3 + 5*u**2 - 6*u + 6. Determine a(k).
6
Let z be 1/(-1) - (0 + -1). Let m(x) be the second derivative of -x**5/20 + x**3/6 + 4*x**2 + x + 328. Give m(z).
8
Let j(g) = -g**2 - 29*g - 60. Suppose -u - 105 = 4*w, -2*w + 2*u = 50 + 10. What is j(w)?
-6
Let c(p) = -p - 28. Let h be (-165)/(-88)*16/(-2). Determine c(h).
-13
Suppose -4*j = v - 9, -1480*j + 1477*j = 4*v + 16. Suppose 4*s = s. Let f(h) = 5 + s*h - h + 1. Give f(j).
2
Suppose 5*k - 4*o + 3*o - 13 = 0, -3*k = 2*o - 13. Let f(q) = -606*q + q**k - 4*q**2 + 0*q**3 + 1 + 609*q. Calculate f(4).
13
Suppose -2*x + 24 = 4*c, 19*x + 8 = 4*c + 17*x. Let w(t) = 3*t + 5. Determine w(c).
17
Let q(l) = -33*l + 7. Let u be q(-1). Suppose -u = 6*m - 76. Let c(z) = -8*z - 32. Let x(d) = -3*d - 11. Let v(k) = 4*c(k) - 11*x(k). What is v(m)?
-1
Let i(v) = -26*v + 29. Let j be i(1). Let s(y) = -4*y**2 + 4*y + 1. Give s(j).
-23
Let y(x) be the first derivative of 13*x**4/4 - 2*x**3/3 - x**2/2 + 12. Determine y(-1).
-14
Let p(f) be the first derivative of -f**2/2 - f - 89. Determine p(11).
-12
Let j(z) be the first derivative of z**3/3 - z**2/2 - 9*z + 276. Calculate j(5).
11
Let b(s) = -5*s - 2. Let z(c) be the first derivative of 11*c**2/2 + 5*c - 7. Let r(o) = -13*b(o) - 6*z(o). Give r(-3).
-1
Suppose 0 = -19*k + 24*k - 20. Suppose 3*y - k*q + 6 = -3*q, -4*q + 6 = -3*y. Let j(z) = -z**3 + 3*z**2 - 4*z**3 - 2 + 6*z**3. Give j(y).
2
Let g(a) = a**2 - 6*a + 4. Let u be 7910/(-245) + (-4)/(-14). Let b be 54/24*u/(-12). Determine g(b).
4
Let h = 1 - -2. Let i(c) = 4*c. Suppose 2*k + 5*s - 52 = 0, 15*s - 40 = -2*k + 16*s. Let n(z) = z. Let a(v) = k*n(v) - 6*i(v). What is a(h)?
-9
Let s = 224 - 224. Let n(r) be the third derivative of 0 + 1/3*r**3 + s*r + 1/24*r**4 + 2*r**2. Calculate n(-3).
-1
Suppose h + 0*o = 4*o - 23, 60 = -3*h + 3*o. Let a = 13 + h. Let l(s) = -s**3 - 5*s**2 + 7*s + 6. Calculate l(a).
0
Let x(h) = -9*h. Let q(j) = j**3 - 10*j**2 + 9*j + 51. Let p be q(8). What is x(p)?
45
Let k(q) = q + 1. Let c be k(-6). Let f(p) = 7*p**3 - 5*p**2 + 14*p - 3. Let a(d) = 11*d**3 - 7*d**2 + 21*d - 4. Let h(n) = c*a(n) + 8*f(n). Determine h(4).
8
Let t(k) = 2 - 3 + 0*k + k**2 + 5*k - 3. Let s = 10 - 8. Let q be (s - (11 + -3)) + 1. Determine t(q).
-4
Let i(z) = -3*z + 5*z + 6*z**3 - 2167 + 2168. Suppose -k = -0*k + 3. Let h be ((-2)/k)/((-2)/3). What is i(h)?
-7
Suppose 180 = 8*u - 23*u. Let g(t) = -t**3 - 13*t**2 - 13*t + 5. Calculate g(u).
17
Suppose 5*n = -42*n - 94. Let f(s) = 3*s - 4. Give f(n).
-10
Let i(y) be the first derivative of -3*y**2/2 - 4*y + 73. What is i(-10)?
26
Suppose 0 = 2*s - 2*k + 6, 29 = 5*s + 5*k + 4. Let y(v) = -v**2 + v + 1. Let p(n) = -7*n**2 - 3*n - 3. Let b(w) = s*p(w) - 6*y(w). Give b(-8).
-1
Let d(s) = 4*s + s**3 + 0*s - 2235*s**2 + 2233*s**2. Determine d(3).
21
Let i(y) be the first derivative of -9*y - 2*y**3 - 7/2*y**2 + 1/4*y**4 + 15. Give i(7).
-9
Let b be 2/4*-4 - -6. Let s(f) = f**3 - 4*f**2 - 2*f + 8. Calculate s(b).
0
Let z(a) = -4*a + 6. Suppose 539*b - 532*b - 21 = 0. Determine z(b).
-6
Suppose 2 = -4*h - 2. Let k = h + -1. Let b(w) = 7*w + 8. Let t(z) = 1. Let v(i) = b(i) - 6*t(i). Determine v(k).
-12
Let q(s) be the second derivative of 3/2*s**2 + 17*s - 1/12*s**4 + 7/6*s**3 + 0. What is q(8)?
-5
Let a(h) = -h**2 + 1. Let p(w) = -4*w + 1. Let n(k) = -a(k) - p(k). Suppose -3*r - 6 = 3*q, 5*r - 10 = -q - 0*q. Calculate n(q).
3
Let l(s) = 24*s**2 + 13*s + 11. Let u(b) = -11*b**2 - 6*b - 5. Let a(y) = 6*l(y) + 13*u(y). Calculate a(4).
17
Let z(o) = -4*o + 17. Let w = -256 - -261. Calculate z(w).
-3
Let r(u) = u + 2. Suppose 0 = 3*d + 4*s - 8 + 35, 0 = 2*s. Suppose n = 4*n + 21. Let m = n - d. Determine r(m).
4
Suppose 3*w - 8 = w. Let c(p) = -4*p**2 - 3*p + 6. Let n(f) = 3*f**2 + 2*f - 5. Let y(k) = w*c(k) + 5*n(k). Determine y(-2).
-1
Suppose -5*v - b + 15 = -3*b, -9 = -3*v - 4*b. Let k(y) = -210*y + 4 - 5*y**2 + 1 - 1 + 213*y + 2*y**2. Determine k(v).
-14
Suppose 2*s - 11 = 5*j + 10, 12 = 2*s - 2*j. Suppose -n + q - 15 = 2*n, 0 = s*n + 2*q + 15. Let t(f) = 2*f**2 + 6*f - 3. Determine t(n).
17
Let b(m) = -14587 + 14580 - 2*m + 9*m. What is b(6)?
35
Let t(h) = 5*h. Let f(p) = -p**2 + 2. Let i = 6 - 6. Let k be f(i). Give t(k).
10
Let u(s) = s**2 + 4*s + 2. Let f be u(-4). Suppose 260*d - f = 258*d. Let c(g) = -23*g**2 + 1. What is c(d)?
-22
Let l(c) be the first derivative of 2*c**2 + 4*c + 160. Determine l(-7).
-24
Suppose 15 = 7*x - 6. Let q(p) = -p + 3 - x + p**3 - 28. What is q(0)?
-28
Let p(k) be the first derivative of 2/3*k**3 + 1/4*k**4 + 1/2*k**2 - 9 - 2*k. Let c(u) = u**2 - 5*u + 2. Let h be c(4). Calculate p(h).
-4
Let t(x) = -1 - 23*x + 1 + 1 - 3*x**2 + x**2 - 4. Calculate t(-11).
8
Let n(k) = 5*k**2 + 0 + 6 + 9*k**3 - 7*k**2 - 5. Give n(1).
8
Let m(w) = -9*w**2 - 9*w + 13. Let f(z) = -5*z**2 - 4*z + 7. Let d(j) = -7*f(j) + 4*m(j). Let o = -25 + 16. Give d(o).
-6
Let c(o) = 134*o**2 - 8*o - 36. Let a(y) = 45*y**2 - 3*y - 13. Let k(m) = 11*a(m) - 4*c(m). Give k(1).
-41
Let j(p) = p**3 + p**2 + 1. Let x = 18 + -51. Let m = -34 - x. Determine j(m).
1
Let b be (17 - (4 - 3)) + -4. Let i(y) = b*y - 13*y + 1 + 1. What is i(4)?
-2
Let x(n) = -n**3 + 7*n**2 + 5*n - 7. Let l(h) = 2*h**3 - 15*h**2 - 11*h + 16. Let o(a) = 3*l(a) + 7*x(a). Give o(5).
-16
Let u(h) be the third derivative of -1/12*h**4 - 22*h**2 + 0 + 0*h + 0*h**5 - 1/30*h**6 + 1/6*h**3. Give u(1).
-5
Let p be (-8)/3*675/20. Let x be 3/(-2) + p/(-36). Let u(z) = -20*z + 1. Determine u(x).
-19
Let f(u) = -u + 12. Let n be f(0). Let z be 8/n - (-14)/(-3). Let w(a) be the first derivative of -a**4/4 - a**3 - 5*a - 13. What is w(z)?
11
Let n = 67 - 64. Let c(o) = 2*o**2 - 2*o**2 - 2*o + 0 + o**n - 6*o**2 + 6. Determine c(6).
-6
Let c(p) = -3*p**3 - 14*p**2 + 12*p - 6. Let v(n) = 4*n**3 + 16*n**2 - 12*n + 6. Let t(m) = 3*c(m) + 2*v(m). Give t(-11).
-17
Let r = 123 + -120. Let z(a) = 2 + 4*a - 2*a**2 - 5 - 3*a + r*a. What is z(2)?
-3
Let o(y) = -y**2 - 7*y + 10. Let j(d) = d**2 + 9*d. Let n be 38/(-5) - 28/70. Let l be j(n). Determine o(l).
2
Let f(a) = -a**3 - a**2 - 1. Let j(x) = 5*x**3 - x**2 - 2*x + 14. Let w(l) = -6*f(l) - j(l). Suppose 9*g = -54 - 9. Determine w(g).
-22
Let c(l) be the third derivative of -l**5/30 + l**4/12 - l**3/3 - 131*l**2. Determine c(2).
-6
Let l(o) = -3*o + 2*o + 2 - 3*o**2 + 0 - 2*o**3. Let f be (-3 - 24/(-4))*(0 - -1). Suppose -y - g + 0 + 1 = 0, -f*y + g = 9. What is l(y)?
8
Let a = -14 - -12. Let q be (-1 + a)*(12 - 13). Let r(u) = -9*u + 0 + q + 12*u. Give r(-2).
-3
Suppose 10 = -c + 6*c. Let v be (c/1)/((-8)/16). Let z be 348/42 + v/14. Let b(p) = p**3 - 9*p**2 + 7*p + 7. Give b(z).
